actors of t.
7, 419
Let x(p) = -p. Let d(s) = 10*s - 4. Let a(b) = d(b) + 8*x(b). Let t be a(10). Let f = -6 + t. List the prime factors of f.
2, 5
Let t be ((-12)/8)/(6/32). Let n = 16 + t. Suppose -3*c + n*c = 70. What are the prime factors of c?
2, 7
Let k = -738 + 462. What are the prime factors of (-4)/(-28) - k/28?
2, 5
Suppose 5*i + 23 - 63 = 0. Let g(n) = -n + 3. Let o be g(i). What are the prime factors of (70/o)/(4/(-6))?
3, 7
Let r(p) = -8*p + 3. Let l be r(-6). Suppose -y + 3*t = -21, y + 3*t - l = -0*y. List the prime factors of y.
2, 3
Let q = 7 + -5. Let m(i) = -13*i - 3. Let s be m(q). List the prime factors of (s/(-2))/((-4)/(-8)).
29
Suppose 0 = 3*d - 5*y - 1030, -186 = 3*d + 3*y - 1200. Suppose 0*c - c = l - 64, 5*c + d = 5*l. Let t = 102 - l. What are the prime factors of t?
2, 3
Suppose -j = -a + 636, 5*j - 557 - 1383 = -3*a. List the prime factors of a.
2, 5
Let j = 7673 - 1516. List the prime factors of j.
47, 131
Suppose 0 = 5*l - 9*l. Suppose -4*y + 3*y + 225 = l. Suppose -9*t - y = -14*t. What are the prime factors of t?
3, 5
Let s(f) = 2*f**2 + 3*f - 2. Let d be s(3). Suppose 0 = 5*t - 10*t + d. Suppose -7*p = -t*p - 108. List the prime factors of p.
2, 3
Let s be -120 + (-2)/((1 - -1)/1). What are the prime factors of (-12)/(s/110 - 6/(-10))?
2, 3
Suppose -w + 413 = 2*v, 0 = 3*v + 2*v - 25. List the prime factors of w.
13, 31
Let q = 2907 - 2056. List the prime factors of q.
23, 37
Let v be ((-426)/(-4))/(6/8). Let x = 258 - v. Suppose -2*w + x = 2*w - 5*t, 0 = -2*t - 8. What are the prime factors of w?
2, 3
Let y(l) = -8*l + 32. What are the prime factors of y(-19)?
2, 23
Let x(y) = -5*y + 5*y - 9*y - 17. Let m(h) = -45*h - 84. Let n(f) = -2*m(f) + 11*x(f). What are the prime factors of n(-6)?
5, 7
Let k = 135 - 60. List the prime factors of k.
3, 5
What are the prime factors of 2120/3 + (-2)/((-36)/6)?
7, 101
Let b(j) = 33*j - 15. Let a be b(5). Let g = -73 + a. What are the prime factors of g?
7, 11
What are the prime factors of 14/6 + 1572956/462?
3407
Suppose 0 = -o + 5, -50 - 25 = 5*f + 5*o. List the prime factors of 5*((-192)/f)/1 + 0.
2, 3
Let g(x) = -x**3 - 6*x**2 + 3. Let w be g(-6). Suppose -2*u + w*u + 8 = -4*l, -u - 8 = 2*l. Let f = u + 11. What are the prime factors of f?
3
What are the prime factors of (-17214)/(-3 - 3) + 30/(-5)?
7, 409
Let j be 2*4*20/32. Let v = 2 + 1. Suppose j*g - 4*u = -1, 5*g + v*u = -u + 31. List the prime factors of g.
3
Let d be (-2566)/8 - 11/((-44)/3). Let f = d - -465. What are the prime factors of f?
5, 29
Let v(w) = w**3 - 8*w**2 + 4*w - 11. Let m be v(9). Let d = m + -75. Suppose d = 2*k - 29. What are the prime factors of k?
2, 3, 5
Suppose 1295*p - 9040 = 1290*p. List the prime factors of p.
2, 113
Let o be (2/6*2)/(16/120). Suppose 8*m = o*m + 30. List the prime factors of m.
2, 5
Let v(s) = 252*s + 284. What are the prime factors of v(8)?
2, 5, 23
Let b(m) = m**2 + 4*m + 10. Let i be b(-10). Suppose 12*d - 10*d = i. What are the prime factors of d?
5, 7
Suppose -j = -r + 6, r + 11 = 3*r - j. Suppose 4*d = -4*f + 128, -r*f - d + 20 = -136. Let c = f + -21. List the prime factors of c.
2, 5
Let j = 306 - -14. Let w = j + -124. What are the prime factors of w?
2, 7
Suppose -42 - 72 = -v. Suppose 4*d = 2*b + 2*d - v, 5*d = -5*b + 315. What are the prime factors of b?
2, 3, 5
Let m be 11/(8/(-4) + 3). Suppose -3*y + 40 + m = 0. List the prime factors of y.
17
Let k be ((-66)/12)/(1/(-2)). Let d = 7 - k. What are the prime factors of (-94)/d + 2/(-4)?
23
Let b(u) = 17*u**2 - 17*u - 49. List the prime factors of b(-4).
3, 97
Suppose k - 144 = -4*x + 3*x, -124 = -k - 5*x. List the prime factors of k.
149
Let a = 868 - -40. What are the prime factors of a?
2, 227
Let b = 42 + -30. Let s = b + 113. What are the prime factors of s?
5
Suppose -x = -3*b - 36, 0 = 3*x + 5*b - 44 - 64. Suppose -3*i + 48 = k, i + i - x = -2*k. Let d = i - 13. What are the prime factors of d?
2
Suppose 71*b - 76*b = 2265. Let p = 666 + b. List the prime factors of p.
3, 71
Let m(r) = 3*r**2 - 11*r + 48. List the prime factors of m(8).
2, 19
Suppose 5*k - 36 - 4 = 0. Suppose 4*o - k*o + 52 = 0. What are the prime factors of o?
13
Let n(b) = -59*b + 131. What are the prime factors of n(-11)?
2, 3, 5, 13
Let r(h) = -h**2 + 17*h - 53. Let j be r(12). Let x(t) = t - 1. Let m be x(3). Suppose -9 - j = -m*s. What are the prime factors of s?
2
Let b = -2344 - -6056. What are the prime factors of b?
2, 29
Let n = 105 + 27. List the prime factors of n.
2, 3, 11
Let n = -21 - -252. Let d = -83 + n. List the prime factors of d.
2, 37
What are the prime factors of ((-13244)/7)/(5 + -6)?
2, 11, 43
Let g = 15662 - 10801. List the prime factors of g.
4861
Let h(k) = -k**2 + 8*k + 12. Let q be h(9). Suppose -2*o + o - a + 102 = 0, 3*o - q*a - 318 = 0. What are the prime factors of o?
2, 13
Let f(p) = -p + 24. Suppose -75 = 3*n + 24. Let d be n*(2 + 7/(-3)). What are the prime factors of f(d)?
13
Let c(o) = 178*o - 518. What are the prime factors of c(11)?
2, 3, 5
Let r(w) = 21*w + 12. Let o be r(5). Suppose g + 129 = 2*d, 0*d + o = -g - 4*d. List the prime factors of (-1)/(-5) - 8475/g.
2, 17
Let b(y) = 8 - 3 + 0 - 8*y + 1. Let a be b(-7). Suppose -3*w - a = -2*t, t + 5*w = -4*t + 105. What are the prime factors of t?
5
Let p(s) = -281*s**3 - s**2 - 6*s - 6. List the prime factors of p(-1).
2, 5, 7
What are the prime factors of (-684442)/(-154) + 4/7?
5, 7, 127
Let t be (0 - -35) + (-13 - -13). What are the prime factors of 95/t + -3 + 1171/7?
167
Suppose -4*z - 31 + 99 = 0. Suppose -t = -8 - z. Let r = 2 + t. What are the prime factors of r?
3
Let a(k) = -k - 2. Let c be a(-10). Suppose 0 = p + c - 42. Suppose 0*f = -2*f + p. List the prime factors of f.
17
Suppose 0 = x + 2*f - 9, f + 0*f + 12 = 5*x. Suppose 5*h - 5*u - 109 = 3*h, x*h = -4*u + 175. What are the prime factors of h?
3, 19
Suppose 3*w - q + 164 = 680, 0 = w + 3*q - 172. What are the prime factors of w?
2, 43
Let z(w) = 48*w - 1. Let j be z(-3). Let p = 79 - j. List the prime factors of p.
2, 7
Let k = 726 - -1551. What are the prime factors of (-2)/8 + k/36?
3, 7
Suppose -12*c + 963 = -3*c. List the prime factors of c.
107
Suppose 9 = 4*i - 7. Suppose 3*o + i = 10. Let t(n) = n**2 - 2*n + 3. What are the prime factors of t(o)?
3
Suppose 0*w + 4*w + 408 = 0. Let i = -59 - w. What are the prime factors of i?
43
Let q = 2657 + -1319. List the prime factors of q.
2, 3, 223
Let f = 1732 + -1167. Suppose -8*i + 3 + f = 0. What are the prime factors of i?
71
Suppose 2*l + 9 = -1. Let c be (-6)/l*10/4. Suppose -c*o - h + 43 = 3*h, 0 = o - h - 5. List the prime factors of o.
3
Let n(a) = a**2 + 16*a - 148. List the prime factors of n(30).
2, 7, 11
Let g(p) = p**2 + 5*p - 26. Let a be g(-7). What are the prime factors of 1/3 - 1196/a?
2, 5
Suppose 2*b - 23 = 31. Let t be (b/(-7) - -3)*7. Let h = 18 + t. List the prime factors of h.
2, 3
Suppose -2*f + 5*y = -7046, -4*f - 15*y = -13*y - 14140. List the prime factors of f.
3533
Let c = 548 + -1224. What are the prime factors of 3/((-15)/c) - (-4)/5?
2, 17
Let s = 408 + -236. What are the prime factors of s?
2, 43
Let g = -411 - -488. What are the prime factors of g?
7, 11
Let w(y) = -y**3 + 10*y**2 - 9*y + 3. Suppose 5*d + 3*l - 39 = 0, d + 11 = 2*d - l. List the prime factors of w(d).
3
Suppose -27*a + 12437 = -15400. List the prime factors of a.
1031
Let a = 288 + -174. Let f(r) = 6*r - 9. Let y be f(6). What are the prime factors of (-72)/y*a/(-8)?
2, 19
Suppose -46*c - 1 = -45*c, 6871 = 3*y + 5*c. List the prime factors of y.
2, 3, 191
Let y(c) = 2*c**2 + 6*c - 1. Let u(t) = -2*t**2. Let o be u(2). Let b be y(o). Suppose -5*i - 4*x = -2*i - b, -3*i = -2*x - 91. What are the prime factors of i?
29
Let z be 4*8/(-32) + (1042 - 1). Suppose 2*a + 5 - 272 = -g, -a = 4*g - z. What are the prime factors of g?
7, 37
List the prime factors of 32/2*(178/4 - 0).
2, 89
Let a(o) = 2 - 6*o + 27*o - o**2 + 12*o + 0*o**2. What are the prime factors of a(10)?
2, 29
Let u = -48 - -87. Suppose w = u + 24. List the prime factors of w.
3, 7
Let h = 1867 - 1403. What are the prime factors of h?
2, 29
Suppose -3*g + 0*g + 3*f = -3, 4*g = -5*f + 22. Suppose -g*x + 17 + 79 = 0. What are the prime factors of x?
2
Let a(m) = 354